**3 + 0*y - 5/24*y**u. Give k(-6).
0
Let v(a) = -a. Let c(j) = j**2 + 3*j - 3. Let x(b) = -c(b) - 2*v(b). Let w = -6 - -3. What is x(w)?
-3
Suppose 15 = g - 6*g. Let d(w) = 2*w**2 + 19*w + 10. Let b(n) = -n**2 - 10*n - 5. Let k(z) = g*d(z) - 5*b(z). Let q = 7 - 11. Calculate k(q).
7
Let v(a) = a**3 - 10*a**2 - 9*a + 14. Let p(h) = h**2. Let t(y) = -4*p(y) - v(y). Let x be t(7). Let o(i) = -i**3 + i**2 + i + 6. Determine o(x).
6
Let b(k) = -k**3 + 5*k**2 - 3*k - 2. Let j(t) = 4*t**2 + 1. Let o be j(-1). Suppose -2 + 17 = o*z. Let a be 1/(-3)*(-9 - z). What is b(a)?
2
Let i(t) = -3*t**2 + 8*t + 13. Let w(o) = -o**3 - 4*o**2 + 3*o + 5. Let b be w(-4). Let l(j) = 4*j**2 - 12*j - 19. Let q(a) = b*i(a) - 5*l(a). What is q(-4)?
4
Let g(a) = -a**3 + 2*a - 8. Let i(v) = -2*v**3 + 4*v - 15. Let p(n) = -11*g(n) + 6*i(n). Let l be 7 - (-3)/6*-10. Calculate p(l).
-6
Let q(i) = -i**2 + 1. Let z(a) = 4*a**2 + 3*a. Let y(g) = 3*q(g) + z(g). Let o(d) = -d - 3. Let k be o(-6). Suppose 1 + k = -m. What is y(m)?
7
Suppose 6 = -m + 4. Suppose -2*k + 5 = -3*k. Let h = k - m. Let b(q) = -2*q + 4. Determine b(h).
10
Let k = 5 - 3. Suppose -7 = -3*f + k. Let o(m) = m**3 - 2*m**2 - m - 2. Calculate o(f).
4
Let n(u) be the third derivative of u**6/120 - u**5/5 - 13*u**4/24 + 7*u**3/6 + 44*u**2. What is n(13)?
7
Let r(k) = k**3 - 2*k. Let t(v) = 6*v - 38. Let z be t(6). Determine r(z).
-4
Let n(w) = w + 6. Let j(r) = -r - 11. Let u(k) = -4*j(k) - 7*n(k). Determine u(-2).
8
Let z be -6 - 1*(-2)/2. Let x(q) be the first derivative of -q**3/3 - 7*q**2/2 - 2*q + 5. What is x(z)?
8
Let k(m) be the first derivative of m**3/3 - m**2/2 + m - 1. What is k(2)?
3
Let q(g) = g**3 - g. Let m be q(-1). Let v(i) be the second derivative of 1/2*i**3 + i + m - 1/2*i**2. Determine v(-2).
-7
Let s(o) = o**3 + 2*o**2 + 2*o + 1. Let h be s(-1). Let r(z) = 4*z - 7*z + z**2 + 4 + z**3 + h*z**2. Give r(-3).
-5
Let o = 23 + -18. Let b(y) = y**3 - 6*y**2 + 6*y + 4. Calculate b(o).
9
Suppose 2*m - 2*l = 26, 5*m + 4*l = l + 33. Let z(j) = j**2 - 7*j - 9. What is z(m)?
9
Let c(w) be the first derivative of w**4/4 - 5*w**3/3 - 3*w**2 - w - 17. Let r(z) = -z**3 - 8*z**2 - 9*z - 8. Let s be r(-7). Calculate c(s).
-1
Suppose -10*w = -3 - 17. Let o(p) = -3*p**3 + p**2 + 3*p - 3. Calculate o(w).
-17
Let f(a) = 6*a**3 + 2*a**2 - 1. Suppose 1 = -4*p + 5*p. Suppose 0*m + m = p. Suppose 0 = -4*r + 5 - m. Give f(r).
7
Let o(x) = 7*x**2 - 2*x - 30. Let h(d) = 11*d**2 - 3*d - 45. Let v(m) = 5*h(m) - 8*o(m). Give v(0).
15
Let m = 17 - 11. Let p(y) = 2 - 3 + 6*y - y**2 + 0*y. What is p(m)?
-1
Let s be (-8 + 5)*(-5)/(-3). Let w(d) = d + 12. What is w(s)?
7
Let l(y) = y + 1. Let n(g) = -15*g**2 - g - 2. Let t(s) = l(s) + n(s). Determine t(1).
-16
Let o = -116 + 113. Suppose 0 = i - 0 - 5. Let n(s) = 0*s - 4 + s + i. Calculate n(o).
-2
Let g(i) = 3*i**2 + 10*i - 1. Let r(u) = -u**2 - 5*u + 1. Let j(b) = 2*g(b) + 5*r(b). Let v(x) = -10*x + 86. Let n be v(8). Calculate j(n).
9
Let h(w) be the third derivative of -3*w**4/8 + w**3/6 + 4*w**2. Let z be (-6)/30 + (-4)/5. What is h(z)?
10
Let o(c) = -c - 12. Let r be (-3)/5*250/25. Determine o(r).
-6
Let c(v) be the second derivative of -v**3/6 + 2*v. Suppose -5*f + 3*i = -33, -2*f - 3*i + 13 = 4. Let t be -2*3/f + 0. Give c(t).
1
Let y(m) = -44*m**2 - 4 - 9*m + 17*m**2 + 26*m**2. Calculate y(-8).
4
Let u(n) = -n**2 + 6*n - 4. Suppose -5*y = 5*l, -y - 2*y + 4*l = 0. Suppose y*m + m + 6 = 0. Let i be ((-8)/m)/(2/6). What is u(i)?
4
Suppose 2*j - 6 + 0 = 0. Let b(v) be the second derivative of 0*v**2 + 1/20*v**5 + 2*v + 0*v**j + 0*v**4 + 0. What is b(-1)?
-1
Let x(o) be the second derivative of -o**4/12 + 3*o**2/2 - 11*o. Let g(l) be the first derivative of x(l). Determine g(1).
-2
Let c(l) = -l**3 - 5*l**2 + 4. Let m(v) = v**3 - 2*v**2 - 4*v - 3. Suppose -2*s + 0*i + 2*i = 14, -s = 5*i - 23. Let b be m(s). Let n = b + 6. Determine c(n).
4
Let u(o) = 2*o + 1. Let d = 8 - 14. Let b be d*(9/(-6) - -1). Calculate u(b).
7
Let k = 168 - 23. Let p be k/(-45) - 4/(-18). Let m(o) = -o**2 - 3*o + 4. Give m(p).
4
Let l be ((-4)/8 + 1)*6. Let s(d) be the first derivative of 7/3*d**l - 1 + d - 1/2*d**2. Determine s(1).
7
Let d(f) = 4*f - 3. Let k(w) be the first derivative of -w**4/4 - 10*w**3/3 - 9*w**2/2 + 4*w - 5. Let x be k(-9). Calculate d(x).
13
Let a(j) be the third derivative of j**6/720 - 3*j**5/40 + j**4/8 + 7*j**2. Let w(m) be the second derivative of a(m). Determine w(6).
-3
Let t(n) = 2*n**2 - 3*n - 2. Let u(p) = -5*p**2 + 9*p + 5. Suppose 3 = -h - 0. Let z(q) = h*u(q) - 8*t(q). Let i be 1 - (20/(-5) + 3). What is z(i)?
-9
Suppose 3*a = -a. Suppose a*t = -3*t + 12. Let z(h) = 2*h + 1. Determine z(t).
9
Let b(n) = n**3 - 7*n**2 + 12*n - 9. Let c be b(4). Let k(s) = -s**3 - 9*s**2 - 2*s - 4. Determine k(c).
14
Let p(c) = 12*c**2 - 12*c**2 + 7*c**3. Let x = -51 - -29. Let i be 4/22 - 18/x. Determine p(i).
7
Let d be 0 + (4 + -4)/2. Let u(x) = -4 + 2 + 2*x + 4 + d. Let i be -10*(4/10)/1. Give u(i).
-6
Suppose 32 + 8 = 4*j. Let k(r) = -j*r + 13*r - 2*r + 4. Calculate k(0).
4
Let o(c) be the first derivative of c**2 - c + 18. What is o(-1)?
-3
Let n(k) = -20*k**3 + 17*k**2 + 3*k + 5. Let z(l) = 7*l**3 - 6*l**2 - l - 2. Let u(t) = -6*n(t) - 17*z(t). Let h = 20 + -20. Determine u(h).
4
Let v(z) = -6 - 3*z**2 - 7*z + 2 + 4*z**2. Let c be v(7). Let q(o) = 0*o - 1 - 2*o + o. Give q(c).
3
Suppose -6 = d + 5*q, -5*q + 1 - 16 = 0. Suppose -2*w + 1 = d. Let a(n) be the third derivative of n**5/60 + 5*n**4/24 + 5*n**3/6 - 5*n**2. Determine a(w).
1
Let b be -2 + (4 - (1 + 0)). Let m = 1 - b. Let o = m + 1. Let h(g) = -4*g + 1. Calculate h(o).
-3
Let g(l) = -4*l**3 - 8*l**2 - 3*l - 3. Let d(n) = -7*n**3 - 15*n**2 - 6*n - 6. Let s(y) = 3*d(y) - 5*g(y). What is s(-5)?
12
Let j(d) = -d + 6. Suppose 3*y = 2*y - 4*a + 8, 2*y = -a - 5. Let x be -2 - -1*y/(-2). Let m = x + 0. Calculate j(m).
6
Let a be ((-9)/(-27))/((-2)/30). Let q(y) = -y**2 - 5*y + 4. Let g(v) = 4*v**2 + 20*v - 15. Let j = -1 - 1. Let c(o) = j*g(o) - 9*q(o). Calculate c(a).
-6
Let l = 78 - 84. Let y(u) = u**2 + 4*u - 3. Give y(l).
9
Let n(i) be the third derivative of -1/3*i**3 + 0 + 4*i**2 - 1/24*i**4 + 0*i. Determine n(-5).
3
Suppose -5*h + g = -25 + 7, -2*h = 5*g + 9. Suppose h*o - 15 = -2*o. Let m(f) = -7*f - 13. Let u(d) = 11*d + 20. Let z(x) = -8*m(x) - 5*u(x). Determine z(o).
7
Let i be (0 - 0)/2 - -5. Let l(o) = 4 + o**2 + 0*o - 3*o - i*o. Give l(6).
-8
Let p(l) = -2*l**2 + 1. Let f be 6/27 - (102/(-27) + 2). Give p(f).
-7
Let o(h) = -h + 5 - 5*h**2 + 4*h**2 + 0 - 2. Determine o(0).
3
Let g(o) = 2*o**2 + 2*o + 2. Suppose -2*t + 4 = 2*t. Suppose -k + t = 2. Let x = k - 1. Determine g(x).
6
Let k(a) = -a**2 - 5*a + 1. Let v(t) = t**2 - 3*t - 1. Let w be v(4). Let p(u) = -u**2 - 6*u + 1. Let d(r) = w*k(r) - 2*p(r). Give d(-4).
-3
Let y(m) be the third derivative of m**5/30 + m**4/4 + m**3/3 + 11*m**2. Determine y(-4).
10
Let s(y) = y**2 + 10*y + 10. Let n be s(-8). Let p(b) = b**2 + 5*b - 7. What is p(n)?
-1
Let z(u) = -2*u - 3*u**2 + 2*u**2 - u - 7*u + 3. Let t(j) = -j. Let f(w) = -6*t(w) + z(w). Determine f(-4).
3
Let f = -16 - -21. Let d(k) be the third derivative of -1/6*k**3 + 1/60*k**f + 0*k + 0 - 1/6*k**4 + 3*k**2. Calculate d(5).
4
Let h(l) be the third derivative of -7*l**4/24 - l**3/2 - 9*l**2. Give h(-2).
11
Let s = -5 - -2. Let f = s - -5. Let c(l) = 0*l**f - 5 + l**2 + 1. Calculate c(0).
-4
Let l(p) = p**2 + p - 2. Let d = -17 - -16. Let r = 1 + -2. Let m = r + d. Give l(m).
0
Let w(p) = -2*p - 2*p - p**2 - p. Let v be (-1)/3 - 33/9. Determine w(v).
4
Let k(w) = w**2 + 5*w + 7. Let y be k(-5). Let c(f) = y*f + 1 - 6*f**2 + f**2 + 7*f - 15*f. Calculate c(1).
-5
Let v(u) be the third derivative of u**4/12 - 11*u**3/6 - u**2. Let h(a) = -a**2 + 23*a - 52. Let r be h(20). Calculate v(r).
5
Let z(s) = s - 2. Let t = 31 + -37. Determine z(t).
-8
Let u(g) = 63 + g - 66 + 0*g - 3*g. Calculate u(-4).
5
Let v = 18 - 22. Let h(d) = -d - 4. Give h(v).
0
Let o(r) = 5*r. Suppose -3*y - 1 = j + 18, 4*y + 4*j + 20 = 0. Let b = y + 10. Suppose 4 = -s + 3*m - b, 5*s + 3 = -m. Give o(s).
-5
Let a(k) = k**3 - 10*k**2 + 9*k + 7. Suppose -245*u - 36 = -249*u. Give a(u).
7
Let s = -7 + 10. Let h(w) = 13*w - 13*w + 3*w**2 - w**3. C